ighest common factor of y and r?
3
Suppose -65*x + 2669 = -7081. Calculate the highest common divisor of x and 8625.
75
Let q be ((-287)/14 + 9)*-1532. Calculate the greatest common factor of 46 and q.
46
Let b be 69*55/45 - (-2)/(-6). Let i be (-6 + 1 - 2)*b/(-12). Suppose -3*t = 4*m - 13, -4*t = -8*t + 2*m + 32. Calculate the greatest common divisor of t and i.
7
Let n be -2 - (4/6)/(28/(-630)). Suppose n*k - 6 = 11*k, -k = -4*r + 181. Calculate the greatest common divisor of 874 and r.
46
Let v be (-18*636/(-288))/(12/1024). What is the highest common divisor of 159 and v?
53
Let m(v) = v**3 - 8*v**2 + 49*v - 162. Let l be m(5). Let b = 1 + 0. Suppose 13 = f + b. Calculate the highest common divisor of l and f.
4
Let x be (-9)/3 + 45 + 4. Suppose 886*q - 877*q - 414 = 0. What is the greatest common divisor of q and x?
46
Suppose -y + 14 = -15. Suppose -j - 5*t = y, t - 12 + 109 = -5*j. Let u = 35 + j. What is the highest common factor of u and 2?
2
Suppose 0 = -2*r + 3*m + 64, 4*m - 128 = -4*r + m. Suppose -4*q - 5*i + 132 = 24, -5*i = -5*q + 180. What is the highest common divisor of q and r?
32
Suppose 0 = -12*v + 725 + 1567. Suppose 5 = -g, g - v = 2*d - 6*d. Suppose 0 = 4*q - 46 - 10. Calculate the greatest common divisor of q and d.
7
Suppose 14 = -4*s + 102. Suppose 245*p + 4554 = 268*p. Let w be (-33 + 32)/((-3)/p). Calculate the highest common factor of s and w.
22
Let t(m) = m**3 - 14*m**2 - 17*m + 32. Suppose 9*y = 70 + 65. Let r be t(y). Suppose 0 = r*l - l - 7. What is the greatest common divisor of 21 and l?
7
Let g(l) = l**3 - 12*l**2 + 35*l + 7. Let f be g(7). Suppose 80 = 4*z - 224. Suppose -f*a + 8 = -z. What is the highest common divisor of 24 and a?
12
Let t(m) = 301*m**3 + 3*m**2 - 3. Let u be t(1). What is the highest common factor of u and 1935?
43
Let r = -1132 + 601. Let f = -180 - r. What is the greatest common divisor of 13 and f?
13
Let d be (((-2149680)/117)/(-10))/((-1)/(-3)). Calculate the highest common divisor of 624 and d.
104
Let r(m) = -m**2 + 13*m + 70. Let l be r(20). Let t = -59 - l. Suppose 19 = 3*z - 14. What is the greatest common divisor of z and t?
11
Let j(w) = 3*w**2 + 8*w - 16. Let n be j(10). Suppose 3*q + 4*q - n = 0. What is the highest common factor of 8 and q?
4
Suppose -2 = -z + 4*n - 4, 2*z = 5*n + 11. Let c(m) = -59*m + 12. Let w be c(-1). Suppose -59*f - 324 = -w*f. Calculate the greatest common factor of f and z.
9
Let v be 2*(7/(-21) + (-20)/(-6)). Let m = -12 - 72. Let l be m/(-21) - v*-1. Calculate the greatest common factor of l and 2.
2
Let p be 896/(-126) + 7 - 218/(-18). What is the highest common divisor of 1024 and p?
4
Suppose 4*w - 173 = 5*y, 12*y - 13*y - 127 = -3*w. Suppose 3*l - w - 183 = 0. Calculate the highest common divisor of l and 50.
25
Suppose 660 = -4*v + 10*v. What is the highest common factor of 2750 and v?
110
Let y(p) = 2*p**2 + 9*p + 6. Let b be y(-8). Let d = -48 + b. Suppose 3*j = -4 + 88. Calculate the greatest common divisor of d and j.
14
Let z be (-216)/81*9/(-4). Suppose -5*b - 46 = -z*b - 5*x, 194 = 3*b + x. Calculate the highest common factor of 6 and b.
6
Let d be (1*(7 + -2))/(5/6). Suppose 13*j - 1407 = d*j. Calculate the highest common divisor of j and 134.
67
Let z(x) = 213*x - 295. Let c be z(5). Suppose 0 = -100*h + 102*h - c. Calculate the greatest common factor of h and 165.
55
Let z be ((-1)/3)/(159/(-15264)). Let b = 135 - 95. What is the greatest common divisor of b and z?
8
Let s be 1/(30/25) - (-4)/24 - -259. Let z(t) = -t**2 + 14*t + 7. Let y be z(13). What is the highest common divisor of y and s?
20
Let n = 1635 + -960. Let g = 17196 - 17121. What is the highest common divisor of n and g?
75
Let q be 6*(10/(-4))/(-5). Let u(r) = -9 - 4*r + 0*r**q + 9*r**2 - r**3 + 13*r - 4*r**2. Let x be u(6). What is the highest common factor of x and 18?
9
Let l be -2*29*(18 + -17). Let i = l - -196. What is the greatest common divisor of i and 6?
6
Let i(x) = 2*x + 88. Let g be i(-35). Let j(z) = -5*z**2 + 91*z + 2. Let f be j(g). What is the greatest common divisor of f and 8?
4
Let l = -227 - -252. Suppose -2*o = w - 100 - l, -4*o - 5*w = -247. Calculate the highest common divisor of o and 9.
9
Suppose 5*m + 156 - 421 = 0. Suppose -525 = -5*j + 3*k, -3*j + 296 = 5*k - m. Calculate the highest common divisor of 54 and j.
54
Let g(m) = 6*m + 248. Let q be g(-28). What is the highest common divisor of 1640 and q?
40
Let m = 46705 - 24798. Calculate the greatest common factor of 19 and m.
19
Let d be 4002 - (2 - 10 - -7). Suppose -d = -40*c + 917. Calculate the greatest common factor of c and 205.
41
Suppose a + 1636 = 3*m + 1716, 3*a - 352 = -5*m. What is the highest common factor of 62504 and a?
104
Let p = -813 + 817. Suppose 0 = 4*b + 4*a - 16, 3*a = -3*b + 7*a - 16. Suppose -p*k + 28 + 140 = b. What is the greatest common divisor of 6 and k?
6
Suppose 1256 = -4*r + 1312. Let i be 1/(-3) + (-128)/(-6). Calculate the highest common divisor of i and r.
7
Suppose 44 = 3*d - d - f, -2*d - f = -52. Suppose -55*k + 52*k - 12 = 0. Let g be -2*-4*k/(-4). What is the greatest common divisor of g and d?
8
Suppose 2*v - 5*o = 7*v - 45, 36 = 4*v - 2*o. Let f be v/(((-9)/(-32))/((-12)/(-16))). Calculate the greatest common factor of 24 and f.
24
Let g(i) be the third derivative of i**5/12 - 3*i**4/8 - 4*i**3/3 + 11*i**2. Let a be g(-5). Let j = -105 + a. Calculate the highest common divisor of 19 and j.
19
Suppose -2*r = -h + 5, -4*r - 32 + 10 = 2*h. Let y be (-14 - 218)/r + (-3 - -1). What is the highest common divisor of y and 70?
14
Let q(s) = -s - 10. Let w be q(-14). Suppose 2*h + 0*h + 590 = w*g, 2*h = -3*g + 446. Let o = g + -85. Calculate the highest common divisor of 21 and o.
21
Suppose -2*h = 5*x + 18, -3*h = 5*x - 10*x + 2. Let l be ((-290)/((-25)/5))/((-2)/h). Calculate the highest common factor of 87 and l.
29
Let t be (10/(-4))/(2/116). Let z = t - -229. Let f be 14/3*(-14544)/(-2828). Calculate the greatest common divisor of z and f.
12
Let g(y) = -y**2 - 17*y - 34. Let v be g(-11). Let p(x) = -4*x + 155. Let d be p(v). What is the greatest common divisor of 1 and d?
1
Let n = 783 + -756. Suppose 0 = 5*u - b - 99, n = 5*u - 3*b - 70. Calculate the greatest common divisor of 72 and u.
4
Suppose 0 = -5*q - 3*d - 590, -4*q + 2*d - 499 = -d. Let v = q + 133. Calculate the highest common divisor of 420 and v.
12
Let y(q) = 522*q - 3108. Let w be y(6). Calculate the greatest common factor of w and 618.
6
Let s = -4415 - -4455. Calculate the highest common factor of 56 and s.
8
Let o be (-5 + 2)*(-1)/((-12)/(-320)). Let m be (0 - -1) + (6 - 4 - -43). Let k = o - m. What is the highest common divisor of 51 and k?
17
Suppose 0 = -2*t + 4, 5*p = 4*t + 44 + 53. Let c be (-4 + 102/p)/(3/14). Suppose 9 + 67 = c*w. What is the highest common factor of w and 209?
19
Let a be 13/(-2) - (-3)/2. Let d be 52*((-114)/24 - a). What is the greatest common factor of 182 and d?
13
Suppose -109*m + 111*m - 4*x = 4068, m - 2031 = 3*x. Calculate the highest common factor of 120 and m.
120
Let d be 2 - 48/21 - (-2771)/119. Let t(l) = -l**2 + 22*l + 25. Let j be t(d). What is the greatest common divisor of 38 and j?
2
Let n = 5150 - 4606. What is the greatest common factor of 32 and n?
32
Let j be (-100)/4*228/(-60). Let b be (-18)/(-3)*(-2)/4. Let f be 21 + b*(-4)/(-6). Calculate the highest common factor of f and j.
19
Suppose 0 = k - 2*w - 41, 3*w + 15 + 183 = 5*k. Let j(s) = -3*s**2 - s**3 + 39 - k - 5*s. Let q be j(-3). Calculate the greatest common divisor of q and 120.
15
Let z = 35 + -75. Let j = z + 100. Let b be (-4 + 26/4)*36. What is the greatest common divisor of j and b?
30
Let u be (102/(-9) + 6)*(-69 - -48). What is the greatest common divisor of u and 679?
7
Let d = 498 + -463. Suppose 0 = 4*j - 69 - 1031. Suppose -6*w - d = -j. Calculate the highest common factor of w and 80.
40
Let s = 336 - 80. Suppose -4*l = 2*a - 278, a + 7 = 4*l - s. Suppose -k - 7 = -l. Calculate the highest common factor of k and 12.
12
Suppose 11*f - 30 = 3. Let z(s) = s**3 + s**2 + s - 25. Let w be z(f). What is the greatest common divisor of w and 119?
7
Let p = -1781 - -1876. Suppose y = 4*y - 6. Suppose y*t + t = 57. Calculate the greatest common divisor of p and t.
19